the tens digit of 103495?
9
What is the hundred thousands digit of 306713?
3
What is the units digit of 152094?
4
What is the thousands digit of 169037?
9
What is the ten thousands digit of 316872?
1
What is the ten thousands digit of 443841?
4
What is the ten thousands digit of 134198?
3
What is the ten thousands digit of 116700?
1
What is the thousands digit of 3107160?
7
What is the tens digit of 801223?
2
What is the hundreds digit of 153182?
1
What is the thousands digit of 907434?
7
What is the units digit of 10551703?
3
What is the thousands digit of 61837?
1
What is the units digit of 16242450?
0
What is the hundreds digit of 1563709?
7
What is the units digit of 443542?
2
What is the hundreds digit of 75671?
6
What is the hundreds digit of 2155911?
9
What is the hundred thousands digit of 1525145?
5
What is the tens digit of 7909090?
9
What is the hundreds digit of 4113293?
2
What is the thousands digit of 361746?
1
What is the tens digit of 1205175?
7
What is the thousands digit of 196731?
6
What is the hundreds digit of 518253?
2
What is the units digit of 19934253?
3
What is the hundred thousands digit of 8335526?
3
What is the units digit of 482245?
5
What is the tens digit of 428903?
0
What is the hundred thousands digit of 3148960?
1
What is the thousands digit of 120386?
0
What is the units digit of 3977520?
0
What is the hundreds digit of 4295763?
7
What is the hundred thousands digit of 634488?
6
What is the thousands digit of 2594772?
4
What is the ten thousands digit of 138001?
3
What is the thousands digit of 297299?
7
What is the hundreds digit of 31447?
4
What is the tens digit of 208104?
0
What is the units digit of 81980?
0
What is the hundred thousands digit of 19133462?
1
What is the hundred thousands digit of 113320?
1
What is the units digit of 36322669?
9
What is the hundreds digit of 6466720?
7
What is the tens digit of 3369707?
0
What is the thousands digit of 2659503?
9
What is the ten thousands digit of 14468722?
6
What is the ten millions digit of 15008121?
1
What is the hundred thousands digit of 3868566?
8
What is the hundred thousands digit of 466303?
4
What is the hundreds digit of 153496?
4
What is the ten thousands digit of 1812756?
1
What is the thousands digit of 54468?
4
What is the units digit of 14795678?
8
What is the tens digit of 27633509?
0
What is the hundred thousands digit of 1498541?
4
What is the thousands digit of 2769801?
9
What is the hundreds digit of 4422090?
0
What is the tens digit of 171734?
3
What is the thousands digit of 853996?
3
What is the millions digit of 4026960?
4
What is the thousands digit of 12058466?
8
What is the ten thousands digit of 2150540?
5
What is the tens digit of 809809?
0
What is the millions digit of 3347007?
3
What is the units digit of 1330?
0
What is the hundreds digit of 6351837?
8
What is the thousands digit of 2146263?
6
What is the millions digit of 8550819?
8
What is the millions digit of 2233261?
2
What is the ten thousands digit of 1132852?
3
What is the tens digit of 2064436?
3
What is the units digit of 43007?
7
What is the units digit of 19586718?
8
What is the tens digit of 2909233?
3
What is the thousands digit of 130467?
0
What is the units digit of 475464?
4
What is the thousands digit of 7014925?
4
What is the units digit of 9674714?
4
What is the units digit of 337188?
8
What is the millions digit of 4299747?
4
What is the ten thousands digit of 407878?
0
What is the hundred thousands digit of 5323498?
3
What is the thousands digit of 15404?
5
What is the thousands digit of 76711?
6
What is the tens digit of 11190998?
9
What is the units digit of 1021575?
5
What is the thousands digit of 5180?
5
What is the millions digit of 1084720?
1
What is the ten thousands digit of 1188722?
8
What is the units digit of 1724101?
1
What is the units digit of 34952945?
5
What is the hundred thousands digit of 440563?
4
What is the units digit of 3002224?
4
What is the tens digit of 1036659?
5
What is the hundreds digit of 2151229?
2
What is the ten thousands digit of 17582215?
8
What is the units digit of 5295532?
2
What is the millions digit of 9416898?
9
What is the hundred thousands digit of 409992?
4
What is the units digit of 12349178?
8
What is the ten thousands digit of 2253390?
5
What is the units digit of 450390?
0
What is the units digit of 1071697?
7
What is the units digit of 212637?
7
What is the ten thousands digit of 175798?
7
What is the ten thousands digit of 792946?
9
What is the hundred thousands digit of 824386?
8
What is the hundreds digit of 878152?
1
What is the tens digit of 6318024?
2
What is the hundreds digit of 5967?
9
What is the ten thousands digit of 4384561?
8
What is the units digit of 215011?
1
What is the millions digit of 41581629?
1
What is the thousands digit of 1859050?
9
What is the ten thousands digit of 49859?
4
What is the ten thousands digit of 1072870?
7
What is the ten thousands digit of 1114140?
1
What is the units digit of 16937047?
7
What is the hundred thousands digit of 122363?
1
What is the hundred thousands digit of 5402150?
4
What is the hundred thousands digit of 2064675?
0
What is the ten thousands digit of 217033?
1
What is the units digit of 2801230?
0
What is the tens digit of 3645207?
0
What is the hundreds digit of 1800422?
4
What is the units digit of 1669775?
5
What is the hundred thousands digit of 636150?
6
What is the tens digit of 528985?
8
What is the units digit of 270316?
6
What is the thousands digit of 41410?
1
What is the hundred thousands digit of 792460?
7
What is the thousands digit of 5820832?
0
What is the millions digit of 2273982?
2
What is the hundred thousands digit of 4929336?
9
What is the ten millions digit of 14022991?
1
What is the ten thousands digit of 18111458?
1
What is the tens digit of 3869098?
9
What is the hundred thousands digit of 437935?
4
What is the ten thousands digit of 105664?
0
What is the hundreds digit of 264932?
9
What is the hundred thousands digit of 2778852?
7
What is the thousands digit of 236922?
6
What is the thousands digit of 2279947?
9
What is the hundred thousands digit of 169065?
1
What is the thousands digit of 175220?
5
What is the hundreds digit of 190106?
1
What is the units digit of 1047696?
6
What is the millions digit of 3179498?
3
What is the hundreds digit of 99036?
0
What is the hundreds digit of 6722106?
1
What is the hundreds digit of 234691?
6
What is the hundred thousands digit of 174836?
1
What is the thousands digit of 122520?
2
What is the hundreds digit of 2153456?
4
What is the hundred thousands digit of 4465257?
4
What is the hundred thousands digit of 1416880?
4
What is the tens digit of 1633252?
5
What is the ten thousands digit of 4196311?
9
What is the tens digit of 1404343?
4
What is the ten thousands digit of 950979?
5
What is the hundreds digit of 46359?
3
What is the hundred thousands digit of 129236?
1
What is the hundred thousands digit of 16397780?
3
What is the thousands digit of 621621?
1
What is the units digit of 36768418?
8
What is the thousands digit of 1155880?
5
What is the millions digit of 10715531?
0
What is the hundreds digit of 398415?
4
What is the hundreds digit of 216963?
9
What is the millions digit of 13304346?
3
What is the hundred thousands digit of 4021387?
0
What is the millions digit of 13426016?
3
What is the hundred thousands digit of 21637085?
6
What is the tens digit of 118566?
6
What is the hundred thousands digit of 6503091?
5
What is the units digit of 44776?
6
What is the thousands digit of 112434?
2
What is the hundreds digit of 173905?
9
What is the hundreds digit of 7937488?
4
What is the hundred thousands digit of 1514882?
5
What is the hundreds digit of 15262804?
8
What is the ten thousands digit of 957818?
5
What is the units digit of 35926135?
5
What is the millions digit of 2839459?
2
What is the units digit of 713558?
8
What is the units digit of 55099?
9
What is the ten millions digit of 16630870?
1
What is the ten thousands digit of 325422?
2
What is the hundreds digit of 20898728?
7
What is the ten millions digit of 14458642?
1
What is the hundreds digit of 188719?
7
What is the ten thousands digit of 764566?
6
What is the ten thousands digit of 1313276?
1
Wh